2, 0 = 5*s - 3*f - 2599. Let k = s - 467. Calculate the remainder when 137 is divided by k.
35
Suppose 27*v - 10868 = -15*v + 23*v. What is the remainder when v is divided by 192?
188
Suppose 44*n - 572 - 616 = 0. Suppose -u = -4*k + 13, 2*k = -5*u + 9 - 30. Suppose -k*g + 5 = -25. What is the remainder when n is divided by g?
12
Let t = -134 - -118. What is the remainder when -18*5/(-4)*t/(-24) is divided by 1?
0
Let o = -7553 - -7786. What is the remainder when o is divided by 69?
26
Let m = -22846 + 22855. Let b(y) = 88*y**2 + 1. What is the remainder when b(-1) is divided by m?
8
Calculate the remainder when 358 is divided by 143/(-286)*(-127 + 1/(-1)).
38
Let n = 68 - 35. Let c = 35 - n. Suppose 95 = c*d + 5*t, -2*d = -3*t + 7*t - 90. Calculate the remainder when 69 is divided by d.
34
Let b(l) = -118*l - 28. Let a be b(-3). Let m = a + -285. Calculate the remainder when 141 is divided by m.
18
Calculate the remainder when ((-4)/6)/(192/(-3456)) is divided by (-3)/15 + (-6)/(-5).
0
Calculate the remainder when (-1 - (-95)/6)/(33/396) is divided by 82.
14
Suppose -338 = -17*r + 36. Calculate the remainder when r is divided by 10.
2
Suppose -308*x - 1536 = -320*x. Calculate the remainder when 389 is divided by x.
5
Suppose -3 = -t - 2*o + 25, -3*t + 90 = 3*o. Suppose -330 = 8*d + 2*d. Let s = -26 - d. What is the remainder when t is divided by s?
4
Let u(y) be the second derivative of 6*y**3 - 10*y**2 + 2*y - 4. What is the remainder when u(3) is divided by 18?
16
Let o be (1 + (-1630)/(-14))/((-259)/(-1813)). Let f = o - 804. What is the remainder when f is divided by 9?
0
Suppose 2339*m - 2342*m = -3360. Calculate the remainder when m is divided by 102.
100
Let x(p) = p**2 - 16*p - 5. Let m be x(15). Let q be 91 + 1/(4/m). Let r = 5 + q. What is the remainder when r is divided by 31?
29
Let q(o) = 1920 + o - 33*o - 1894 + 5*o. What is the remainder when q(-3) is divided by 19?
12
Let o = 1040 - 883. What is the remainder when 493 is divided by o?
22
Let l be -12 - -14 - (4 - 100). Suppose 0 = -105*b + l*b + 35. What is the remainder when 9 is divided by b?
4
Let o = 13443 + -13426. What is the remainder when 192 is divided by o?
5
Calculate the remainder when 248 is divided by (78/65)/(8/840).
122
Suppose -t + 7 = h, -2*h - 4*t = -5*t - 2. What is the remainder when (-1799)/(-14) - (h/6)/1 is divided by 44?
40
Let z be 6/3 + (0 - 86*1). Let s = 5 - z. Suppose -8*n = -10*n + 18. Calculate the remainder when s is divided by n.
8
Suppose -15*b + 16*b - j + 17 = 0, -b + 2*j - 14 = 0. Let u(s) = -s + 14. Calculate the remainder when u(b) is divided by 24.
10
Suppose 2*i - 5 = -4*y + 1, -46 = -2*i + 4*y. Calculate the remainder when 916 is divided by i.
6
What is the remainder when (17860/228)/(4/48) is divided by 15?
10
Let j = -1033 + 1108. Let a(m) = m**2 + 3*m - 5. Let r = -6 + 0. Calculate the remainder when j is divided by a(r).
10
Suppose -5*q + 90 = p, 0 = q + q - 4*p - 36. Suppose 6*b = 3*b + q. Suppose 4*a - b*a = -4. Calculate the remainder when 20 is divided by a.
0
Let j(l) = 22*l**2 - 2*l + 13. Let g(k) = 11*k**2 - k + 7. Let v(f) = -11*g(f) + 6*j(f). Calculate the remainder when v(2) is divided by (40/(-25))/(2/(-15)).
7
What is the remainder when 89 is divided by (13 - 1) + -21 + 24?
14
Suppose 121*y = 136*y - 148*y + 2527. What is the remainder when 79 is divided by y?
3
Suppose -29*n = -25*n - 8. Suppose 7*f - f = 234. Calculate the remainder when (-296)/10*n/((-4)/5) is divided by f.
35
Let s(d) = -d**2 - 9*d - 3. Let j(a) = -a**3 + 8*a**2 + 12*a - 22. Let l be j(9). Suppose 5*c + 5 = -l. Calculate the remainder when 40 is divided by s(c).
7
Let l(i) = -46*i + 348. Calculate the remainder when l(-7) is divided by 111.
4
Let w = 11596 - 11501. Calculate the remainder when 311 is divided by w.
26
Suppose -17*p = -p + 1232. Suppose -155 - 202 = -3*x. Let i = p + x. Calculate the remainder when 165 is divided by i.
39
Let s(f) = -3*f + 24. Let w be s(7). Let z = w + -1. Suppose -5*r + 43 = -z*h, 2*r + r = -3*h + 9. What is the remainder when 13 is divided by r?
6
Suppose 14*g - 16*g = 2*s - 150, 0 = -4*s. Calculate the remainder when 26/(-39) + 1574/3 + -2 is divided by g.
72
Calculate the remainder when (-6498)/(-25) + (-35)/((-8750)/20) is divided by (-4)/(-2) + -2 + 8.
4
Let w = -44 + 29. Let m be ((-1)/(w/18))/(12/(-160)). Let u(t) = -t**3 - 16*t**2 - 3*t - 25. What is the remainder when 66 is divided by u(m)?
20
Suppose 5*l - 7*i + 2*i - 1575 = 0, -5*i = 5. What is the remainder when l is divided by 21?
20
Let w = 11417 - 10931. Calculate the remainder when w is divided by 252.
234
Let m(n) = -10*n + 259. Calculate the remainder when m(0) is divided by 89.
81
Let g(w) = -w**2 - 12*w - 8. Let f be g(-11). Suppose -f*v + 30 = -228. What is the remainder when v is divided by 15?
11
Let l = 6243 + -4363. What is the remainder when l is divided by 157?
153
Suppose 0 = 4*y - 202 - 498. Let m(r) = -3*r**3 - 377*r**2 - 7322*r - 21. Calculate the remainder when y is divided by m(-24).
13
What is the remainder when 134 is divided by ((-12)/40 + (-68)/(-85))*90?
44
Calculate the remainder when 1159 is divided by (-24)/14 + (-5709)/(-1211).
1
What is the remainder when 594 is divided by (2865/(6/(-2)))/(-80 + 75)?
21
Let k(p) = 53*p - 128. What is the remainder when k(10) is divided by 105?
87
Let i(f) = f**2 - 3*f + 14. Let k be i(-5). Suppose -42*m - 684 = -k*m. Calculate the remainder when m is divided by 12.
9
Let r be ((-76)/6)/(-1 + 4/3). Let w = r - -89. Let z = w + -40. What is the remainder when 53 is divided by z?
9
Suppose 4*l - 11*l = -56. Calculate the remainder when ((-10)/(-5))/(l/50)*14 is divided by 61.
53
Let r = 453666 - 453572. Calculate the remainder when r is divided by 152/6 - 2/(-3).
16
Let u(w) = -5*w**2 + 99*w + 156. Let t be ((-39)/(-2))/((-1)/(-2)). Let k = 96 - t. What is the remainder when k is divided by u(21)?
27
Suppose 0 = 4*g + 30*x - 35*x - 3170, 0 = 4*g + 2*x - 3184. What is the remainder when 1608 is divided by g?
18
Suppose -2*a = -12*p + 11*p - 8, 0 = -4*a + p + 16. What is the remainder when 85 is divided by (a + 55/(-15))*57?
9
Let m be 12/1 - (-9)/(-3). Let x = 5 + m. Let t(k) = 2*k**3 + k**2 - 2*k + 54. What is the remainder when t(0) is divided by x?
12
Suppose -137*b + 57*b + 66640 = 0. Calculate the remainder when b is divided by 43.
16
Suppose 46*z - 4*s = 45*z - 16, 0 = -4*z - 5*s + 83. Calculate the remainder when 311 is divided by z.
11
Let x = -208 - -228. What is the remainder when 34 is divided by (x/(-14))/((-2)/7)?
4
Let s(t) = t**3 - 6*t**2 + 14*t - 18. Let q be s(4). Suppose -1109 = -q*o + 607. What is the remainder when o is divided by 92?
10
Suppose -27 = -6*s - 3. Suppose 3*x = s*i + 96, -7*x + 2*x + i = -177. Let t = x - 22. Calculate the remainder when t is divided by 10.
4
Suppose c + 3636 = 4*k, -k - 6*c + 7*c + 906 = 0. What is the remainder when k is divided by 302?
4
Let u(f) = -8*f - 40. Let s be u(5). Let c = s + 82. Suppose 8*w - 190 = -c*w. What is the remainder when 31 is divided by w?
12
Let t(r) = -25 - 31 + 68 + 3*r. Let b be t(3). Suppose w + 2*c = 25, -4*w = -3*w + c - b. What is the remainder when w is divided by 5?
2
Let d(g) = -45*g + 488. What is the remainder when d(-2) is divided by 82?
4
Let s(o) = -o**3 - 4*o**2 + 15*o + 63. What is the remainder when 4255 is divided by s(-3)?
7
Suppose 143 = 4*r + 171, -4*b + 2265 = -3*r. What is the remainder when b is divided by 23?
9
Let m(f) = -3*f + 6. Let t be m(0). Let b be (-406)/4 - t/(-12). Let a = b + 107. What is the remainder when 11 is divided by a?
5
Let y = 118 + -60. Suppose 0 = -73*f + 70*f + 33. Suppose -167 + 2 = -f*a. Calculate the remainder when y is divided by a.
13
Suppose 25794 = 5*j - w, -8*w + 10*w - 5150 = -j. What is the remainder when j is divided by 77?
76
Suppose -47 = -9*d + 61. Suppose -10*z + d*z = 36. Suppose -3*r = -5*r + 64. What is the remainder when r is divided by z?
14
Let r(n) = 177*n + 2333. Calculate the remainder when 490 is divided by r(-13).
10
Let p = -3 - -16. Suppose p*u + 269 = 789. Calculate the remainder when 237 is divided by u.
37
Let p(k) = -23*k**3 - 5*k**2 - 5*k - 1. Let r be p(-3). Suppose 4*w - 630 = -r. What is the remainder when 27 is divided by w?
7
